ctors of 1355406?
2, 3, 13, 17377
List the prime factors of 397059.
3, 13, 10181
List the prime factors of 282078.
2, 3, 15671
What are the prime factors of 3631681?
31, 193, 607
List the prime factors of 1092729.
3, 11, 33113
List the prime factors of 3564817.
3564817
What are the prime factors of 143565?
3, 5, 17, 563
What are the prime factors of 4385413?
227, 19319
List the prime factors of 1563135.
3, 5, 7, 14887
List the prime factors of 96496.
2, 37, 163
List the prime factors of 839872.
2, 11, 1193
What are the prime factors of 681989?
7, 11, 17, 521
List the prime factors of 14295044.
2, 3573761
What are the prime factors of 16035774?
2, 3, 2672629
What are the prime factors of 357833?
7, 17, 31, 97
List the prime factors of 1651034.
2, 7, 11, 71, 151
What are the prime factors of 19705549?
23, 47, 18229
List the prime factors of 908944.
2, 56809
List the prime factors of 786232.
2, 23, 4273
List the prime factors of 8751573.
3, 37, 41, 641
List the prime factors of 48877.
37, 1321
What are the prime factors of 347129?
347129
What are the prime factors of 1972486?
2, 541, 1823
List the prime factors of 11363586.
2, 3, 13, 145687
What are the prime factors of 32605363?
7, 4657909
List the prime factors of 333007.
29, 11483
What are the prime factors of 1861681?
613, 3037
List the prime factors of 2663718.
2, 3, 443953
List the prime factors of 866571.
3, 19, 23, 661
What are the prime factors of 6878734?
2, 41, 149, 563
What are the prime factors of 16530054?
2, 3, 23, 119783
List the prime factors of 278993.
11, 13, 1951
What are the prime factors of 71474?
2, 13, 2749
What are the prime factors of 1829504?
2, 14293
What are the prime factors of 25566510?
2, 3, 5, 43, 19819
List the prime factors of 672608.
2, 21019
What are the prime factors of 15046109?
13, 1157393
List the prime factors of 1828089.
3, 7523
What are the prime factors of 1427689?
1049, 1361
List the prime factors of 164863.
19, 8677
What are the prime factors of 16351835?
5, 1283, 2549
List the prime factors of 394055.
5, 53, 1487
What are the prime factors of 1832487?
3, 610829
What are the prime factors of 3386424?
2, 3, 141101
What are the prime factors of 178675?
5, 7, 1021
What are the prime factors of 15765?
3, 5, 1051
What are the prime factors of 3929147?
107, 36721
List the prime factors of 2076962.
2, 233, 4457
List the prime factors of 2444594.
2, 97, 12601
What are the prime factors of 4476704?
2, 19, 37, 199
What are the prime factors of 12827316?
2, 3, 17, 227, 277
List the prime factors of 3063275.
5, 19, 6449
What are the prime factors of 8551339?
991, 8629
What are the prime factors of 555799?
31, 17929
What are the prime factors of 1194249?
3, 7, 29, 37, 53
What are the prime factors of 2979709?
17, 175277
What are the prime factors of 6172870?
2, 5, 11, 17, 3301
What are the prime factors of 80734?
2, 37, 1091
What are the prime factors of 179463?
3, 163, 367
What are the prime factors of 174250?
2, 5, 17, 41
List the prime factors of 9195998.
2, 7, 23, 28559
List the prime factors of 2813375.
5, 71, 317
What are the prime factors of 3385471?
89, 38039
What are the prime factors of 21942655?
5, 7, 47, 13339
What are the prime factors of 350626?
2, 19, 9227
List the prime factors of 796955.
5, 19, 8389
List the prime factors of 41171251.
11, 3742841
What are the prime factors of 252518?
2, 7, 17, 1061
List the prime factors of 12087433.
12087433
What are the prime factors of 1293059?
113, 11443
What are the prime factors of 64904?
2, 7, 19, 61
What are the prime factors of 461922?
2, 3, 167, 461
What are the prime factors of 443736?
2, 3, 6163
What are the prime factors of 31122337?
31122337
List the prime factors of 29461.
17, 1733
List the prime factors of 5704975.
5, 228199
List the prime factors of 707555.
5, 141511
List the prime factors of 9931483.
1523, 6521
List the prime factors of 269954.
2, 43, 73
List the prime factors of 1616037.
3, 17, 31687
What are the prime factors of 8197204?
2, 2049301
What are the prime factors of 276031?
7, 47, 839
What are the prime factors of 34151816?
2, 19, 224683
What are the prime factors of 3079707?
3, 61, 16829
What are the prime factors of 12735681?
3, 7, 19, 59, 541
List the prime factors of 1125799.
37, 30427
What are the prime factors of 133117?
133117
What are the prime factors of 3814951?
7, 659, 827
List the prime factors of 2076373.
13, 159721
List the prime factors of 182427.
3, 7, 17, 73
What are the prime factors of 6110501?
6110501
What are the prime factors of 15052583?
7, 13, 53, 3121
List the prime factors of 24201716.
2, 7, 11, 78577
List the prime factors of 2768920.
2, 5, 7, 11, 29, 31
What are the prime factors of 6721147?
6721147
List the prime factors of 654131.
31, 21101
What are the prime factors of 1549639?
7, 13, 17029
What are the prime factors of 1699012?
2, 7, 60679
List the prime factors of 5701168.
2, 11, 29, 1117
List the prime factors of 258647.
19, 13613
List the prime factors of 817643.
89, 9187
List the prime factors of 2155551.
3, 281, 2557
What are the prime factors of 397532?
2, 23, 29, 149
What are the prime factors of 247698?
2, 3, 11, 139
What are the prime factors of 882190?
2, 5, 47, 1877
List the prime factors of 1217628.
2, 3, 149, 227
What are the prime factors of 2515616?
2, 127, 619
What are the prime factors of 6960813?
3, 811, 2861
List the prime factors of 1072875.
3, 5, 2861
What are the prime factors of 4521958?
2, 7, 322997
What are the prime factors of 6882254?
2, 103, 33409
What are the prime factors of 5301702?
2, 3, 7, 6011
List the prime factors of 6013125.
3, 5, 1069
List the prime factors of 11846632.
2, 7, 47, 643
What are the prime factors of 162697?
19, 8563
List the prime factors of 322957.
41, 7877
List the prime factors of 2116400.
2, 5, 11, 13, 37
What are the prime factors of 985263?
3, 328421
What are the prime factors of 7428773?
11, 47, 14369
What are the prime factors of 1787725?
5, 43, 1663
List the prime factors of 128947.
7, 13, 109
What are the prime factors of 1015595?
5, 7, 29017
What are the prime factors of 305031?
3, 17, 5981
List the prime factors of 128449.
128449
What are the prime factors of 134877?
3, 44959
What are the prime factors of 10376395?
5, 2075279
What are the prime factors of 1558793?
43, 36251
List the prime factors of 1105987.
31, 35677
What are the prime factors of 127392?
2, 3, 1327
List the prime factors of 187129.
187129
What are the prime factors of 562896?
2, 3, 1303
List the prime factors of 847083.
3, 373, 757
List the prime factors of 158817.
3, 167, 317
List the prime factors of 4734168.
2, 3, 197257
List the prime factors of 1132206.
2, 3, 188701
What are the prime factors of 1916234?
2, 31, 997
What are the prime factors of 27704420?
2, 5, 23, 229, 263
List the prime factors of 15250.
2, 5, 61
List the prime factors of 3951105.
3, 5, 29, 31, 293
What are the prime factors of 702176?
2, 21943
What are the prime factors of 650844?
2, 3, 101, 179
List the prime factors of 334862.
2, 11, 31, 491
What are the prime factors of 248333?
103, 2411
List the prime factors of 1236316.
2, 309079
What are the prime factors of 1697932?
2, 31, 13693
List the prime factors of 35610076.
2, 1783, 4993
What are the prime factors of 3540989?
61, 58049
What are the prime factors of 5515092?
2, 3, 11, 19, 733
List the prime factors of 474114.
2, 3, 31, 2549
What are the prime factors of 374703?
3, 7, 2549
List the prime factors of 572185.
5, 19, 317
What are the prime factors of 454729?
11, 67, 617
List the prime factors of 3817303.
7, 545329
What are the prime factors of 7346548?
2, 11, 166967
List the prime factors of 33747.
3, 7, 1607
List the prime factors of 276818.
2, 61, 2269
What are the prime factors of 245802?
2, 3, 71, 577
What are the prime factors of 2895120?
2, 3, 5, 4021
What are the prime factors of 938361?
3, 479, 653
What are the prime factors of 244498?
2, 43, 2843
What are the prime factors of 12907207?
191, 67577
What are the prime factors of 147375?
3, 5, 131
List the prime factors of 549223.
307, 1789
List the prime factors of 926376.
2, 3, 11, 29
What are the prime factors of 3433980?
2, 3, 5, 11, 43
What are the prime factors of 502818?
2, 3, 181, 463
List the prime factors of 13722604.
